+ 6 = -y. What is the tens digit of r(q)?
1
Suppose 0 = -3*b + 2*b + 4. What is the tens digit of 8/(((-1)/b)/(-1))?
3
Let l(m) = 2*m**2 + 11*m - 2. Let y be l(-9). Let t = y + -29. Let u = 54 - t. What is the units digit of u?
2
Let r be 403/9 - (-6)/27. What is the tens digit of r + (1 - 2)*0?
4
Suppose -4*g - 3 = 9. Let u = 28 - g. What is the tens digit of u?
3
What is the units digit of 526/11 + 6/33?
8
Let n(d) = 4*d. Let w be n(6). Suppose -104 = -5*u + 4*o, -3*u + 5*o = -w - 28. What is the units digit of u?
4
Suppose 0 = 5*n - 145 - 270. Suppose 22 = 5*u - n. What is the units digit of u?
1
Let g be 51/12 + 21/28. Suppose -71 = -3*v + g*y, -30 = -5*v - y + 79. What is the tens digit of v?
2
Suppose 0 = -5*o + 3*h - 127, 4*o + 55 = 2*o - 3*h. Let n(q) = -q**2 + q + 5. Let b be n(-4). Let c = b - o. What is the tens digit of c?
1
Let r = 5 - -7. What is the tens digit of r?
1
Let j(x) = 3*x**2 - 2*x**2 + 3*x + 0 - 1 + 4*x**2. What is the units digit of j(2)?
5
Let l be (1 - 3*-14) + 0. Suppose 0 = 3*j - 4*m - l, 2*j + j = 3*m + 45. What is the units digit of j?
7
Let h(p) = p. Let y be h(4). Suppose 14 = -y*r + 2*i, 4*i - 5 = -5*r - i. What is the units digit of r/5 - 64/(-10)?
6
Let g(n) = -n**2 + n + 23. Let i be g(0). Let k(z) = z**2 - 2*z - 5. Let s be k(-6). Let b = s - i. What is the tens digit of b?
2
Let w = 3 + -1. Let c = w - -14. What is the units digit of c?
6
Let q(m) = 3*m - 16. Let f be q(3). Suppose 0 = j - 6*j - 70. Let y = f - j. What is the units digit of y?
7
Let s = -1 - -25. What is the units digit of s?
4
Suppose -15*h + 20*h = -65. Suppose -4*d - 56 = -4*m, -4*m - 21 = d + 2*d. Let j = d - h. What is the units digit of j?
2
Let g be ((-6)/15)/((-2)/10). Let o(j) = -j**2 - 2*j**2 - 3 + g*j**2 - 5*j. What is the units digit of o(-4)?
1
Suppose 0 = -5*j + 3*o - 70, -2*j = -4*o + o + 19. Let z = j + 24. Suppose 5*y + 3*a = 60 - z, -5*y = 4*a - 49. What is the tens digit of y?
1
Suppose g = z - 3*g, -3*g = -4*z + 13. Suppose -2*o = 5*a + 8, -z*a = a + 20. What is the units digit of o?
6
Let t(j) = -2*j**3 + j**3 - 5*j + 5 + j**2 - 7*j**2. Let h be t(-5). Suppose 4*k - 11 = -3*g, -h*g = -k - 6 + 3. What is the units digit of g?
1
Let v be (10/(-8))/(1/4). Let d(r) = -9 - 7*r + 0*r**2 - r**2 + 3. What is the units digit of d(v)?
4
Let g = 3 + 1. Suppose -q + g = -41. What is the tens digit of q?
4
Suppose -3*y = 0, -3*p + 2*y + 30 = -6*p. Let i(r) = -2*r - 3. Let q be i(-4). What is the units digit of ((-4)/p)/(1/q)?
2
Let o = 2 + -7. What is the units digit of (24/(-10) - -2)*o?
2
Let w = 13 + -7. Suppose -2*x - x = -w. What is the units digit of x?
2
Let b = -1 - -2. Let a = 21 - 11. What is the units digit of a + -2 + 2/b?
0
Let u(x) = 2*x**3 + x**2 - x. Let g be u(1). Let y = g - 2. Suppose 2*d = -y*n + n + 23, -14 = -d + n. What is the units digit of d?
9
Let j(g) = g**2 - 7*g + 10. Let q = -7 + 10. Let t = q - -4. What is the units digit of j(t)?
0
Let k = 2 - -1. Suppose -3*d - k = -18. What is the units digit of d?
5
Suppose 4*m - 110 = 2*b, 3 = 5*b + 8. What is the tens digit of m?
2
Let q = -19 + 67. What is the tens digit of q?
4
Let q(x) be the first derivative of 2*x**3/3 - 3*x**2/2 + 2*x - 7. What is the units digit of q(-3)?
9
Suppose -2*w + 60 = 2*w. Let t be (12/w)/(8/20). Suppose -2*n + 3*n - 8 = -o, -t*n = -3*o - 1. What is the units digit of n?
5
Suppose 0 = -6*i + 3*i + 12. Let o be (-3)/(-12) - 57/i. Let m = 22 + o. What is the units digit of m?
8
Let w = -5 - -3. Let p(h) be the first derivative of 2*h**3/3 + h**2 - 2*h - 1. What is the units digit of p(w)?
2
Let k(f) be the second derivative of -2*f**5/5 + f**2/2 + f. What is the units digit of k(-1)?
9
What is the tens digit of (24/(-9))/((-1)/15)?
4
Let c(f) = -f + 23. Suppose 3*u - 5*u - 6 = -3*n, n - 15 = 5*u. What is the tens digit of c(n)?
2
Suppose -25 = 5*b - 0, 2*j + 5*b = 67. What is the tens digit of j?
4
Let t(c) = 3*c**3 + 4*c**2 + c + 16. Let v(d) = 4*d**3 + 5*d**2 + d + 15. Let z(i) = 5*t(i) - 4*v(i). What is the tens digit of z(0)?
2
Suppose -5 = d - 2*r, 0*d + 4*d - 10 = -2*r. What is the units digit of d?
1
Let n(j) = -3*j**2 + j. Let u be n(-1). Let k(a) = -a**2 - 2*a + 2. Let s be k(u). What is the units digit of -1 - s - (-1 - -2)?
4
Suppose -10 = -q - 8. Suppose 3*r = -q*r + 60. What is the tens digit of r?
1
Suppose -3*d = -402 - 66. What is the hundreds digit of d?
1
What is the tens digit of ((-16)/12)/(1/(-93)*2)?
6
Suppose 2*m - g - 18 = 2*g, 9 = -m - 3*g. Suppose 5 = m*v - 4. What is the units digit of v?
3
Suppose x - 182 = d, -3*x - 3*d = -0*x - 546. What is the tens digit of x?
8
Suppose g - 8 = -3*g. What is the tens digit of 4/6*33/g?
1
Let r(n) = n**3 - n**2 + n + 36. What is the tens digit of r(0)?
3
Suppose 5*i + 28 = 4*i. What is the tens digit of (-496)/i - 2/(-7)?
1
Let t be (-12)/54 + -4*55/(-18). Suppose 0 = -5*b - 0*b + 810. What is the units digit of (-2)/4 + b/t?
3
Let b(j) = 2*j**2 + 3*j + 3. Let s be b(-2). Suppose s*g + 4 = 89. What is the tens digit of g?
1
Suppose 0 = -2*a - a + 60. Suppose o + a = 5*o. Suppose -o = -i + 3. What is the units digit of i?
8
Suppose 2*o + 176 = 2*u, -3*u + 420 = 2*u - o. What is the units digit of u?
3
Let m be (0 - -1)*(-1 + 2). Let j be (5*(2 - 3))/m. Let h(r) = r + 7. What is the units digit of h(j)?
2
What is the units digit of 1/(-4) + 420/16?
6
Suppose -4*f = -178 - 50. Suppose 4*m - f = 11. Let h = m + -9. What is the units digit of h?
8
Suppose 2*j = 0, y = -j + 2*j + 358. What is the units digit of y?
8
What is the units digit of 2/4*(-2608)/(2 - 6)?
6
What is the tens digit of (12/15)/((-2)/5)*-74?
4
What is the units digit of 4/(-34) + 104/17?
6
Let t = -2 - -7. Suppose -3*y = 3*f, t*y + 20 = -0*y. Let h = f + -1. What is the units digit of h?
3
Let y(u) = -6*u + 111. What is the hundreds digit of y(0)?
1
Let l = 416 + -221. What is the hundreds digit of l?
1
Suppose -2*o = o + 2*c + 17, 0 = o + c + 7. What is the units digit of (-10)/15 - 38/o?
2
Suppose 7*a - 2*a - 15 = 0. Let w be (-2)/a*(-1 + -2). Suppose 3*v = d + v - 3, -4*v + 30 = w*d. What is the units digit of d?
9
Suppose 5*w - 7 = 28. Suppose -w*m = -3*m. Suppose m*j - 4*j - 71 = -5*a, 0 = -5*j + 5. What is the units digit of a?
5
Let l = -115 - -158. What is the tens digit of l?
4
Let r = 5 - 7. Let i be 1*(-1 + 0 - r). What is the units digit of (i - 2) + 16/2?
7
Suppose 3 + 7 = 5*c. Suppose -4*o = 2*b - 6, 4*b - c*b = -3*o + 3. Suppose 0 = -4*m + 2*p + 12, m - o*m = 5*p - 18. What is the units digit of m?
4
Suppose 3*r + 2*r - 5*b - 60 = 0, 0 = -4*r - 5*b + 57. What is the units digit of r?
3
Let y be ((-3)/2)/(3/(-4)). What is the tens digit of 26*((-5)/(-2) - y)?
1
What is the units digit of ((-46)/(-6))/(4/24)?
6
Suppose -3*a + 4*l + 527 = 0, -3*a + l + 532 = 2*l. What is the units digit of a?
7
Let h = 6 + 0. Suppose 3*y + b + 30 = h*y, y - 3*b = 18. What is the units digit of y?
9
Let w = 10 + -8. Suppose 18 - 3 = 3*j. Let q = w + j. What is the units digit of q?
7
What is the tens digit of 83 + (2 - (0 - -2))?
8
Let w be (-1)/(1 - 2) + 3. Suppose 82 = 5*f - 6*a + 2*a, -50 = -w*f - 2*a. What is the tens digit of f?
1
Suppose -3*z + 7*z + 10 = r, 0 = 3*z + 2*r + 2. What is the tens digit of ((-102)/12)/(1/z)?
1
Suppose 4*j = 3*j + 7. Suppose 4*g - 5*g - 5*z = j, g - 8 = -2*z. What is the units digit of g?
8
Suppose t = 19 + 65. Suppose -b = 2*b - t. What is the units digit of b?
8
Let u(l) = 13*l**2 + 4*l + 1. What is the units digit of u(-1)?
0
Let i be 12*(-1)/(-3)*1. Suppose -i*z + z = 3*s - 156, 15 = -3*s. What is the tens digit of z?
5
Suppose -4*y = 44 - 12. Let v = y - -36. Let d = -17 + v. What is the units digit of d?
1
Suppose -3*n + 60 = -18. What is the units digit of n?
6
Let p = -6 - -10. Suppose 9 = -k + p*k. What is the units digit of k?
3
Let v be (1 + -1)*(-6)/12. Suppose n + 5 = -v*n + 2*d, -n - 4*d = -13. What is the units digit of n?
1
Let f(p) = 12*p**2 - 5*p - 1. What is the units digit of f(-2)?
7
Suppose 3*v = -3*y + 9, 3*v + 5*y + 5 = 2*v. Let c = v + -3. Suppose -b + 3*b + 5*d = 57, -4*b + c*d + 78 = 0. What is the units digit of b?
1
Let f = 0 + 28. Let j(k) = 3*k**3 + k**2 - k - 2. Let a be j(-2). Let q = f + a. What is the units digit of q?
8
What is the 